{"id":107,"date":"2018-06-15T22:11:04","date_gmt":"2018-06-15T20:11:04","guid":{"rendered":"http:\/\/www.new.couleursprovence.allorelian.com\/?page_id=107"},"modified":"2024-07-17T09:00:38","modified_gmt":"2024-07-17T07:00:38","slug":"nous-contacter","status":"publish","type":"page","link":"https:\/\/couleursprovence84.com\/index.php\/nous-contacter\/","title":{"rendered":"Nous contacter"},"content":{"rendered":"<h2>Adresse<\/h2>\n<p>445 Avenue Marcel Pagnol<br \/>\n84110 Vaison-la-Romaine<\/p>\n<h2>T\u00e9l\u00e9phone<\/h2>\n<p><a href=\"tel:0490288176\">04 90 28 81 76<\/a><\/p>\n<h2>Courriel<\/h2>\n<p><a href=\"mailto:couleursprovence84@gmail.com\">couleursprovence84@gmail.com<\/a><\/p>\n<h2>Nos r\u00e9seaux sociaux<\/h2>\n<p><a href=\"https:\/\/www.facebook.com\/couleursprovencekalio\" target=\"_blank\" rel=\"noopener\">Facebook : https:\/\/facebook.com\/couleursprovencekalio<\/a><\/p>\n<p><a href=\"https:\/\/instagram.com\/couleursprovence\">Instagram : https:\/\/instagram.com\/couleursprovence<\/a><\/p>\n<h2>Horaires<\/h2>\n<p>Lundi : 08:00 &#8211; 12:00,\u00a0 14:00 &#8211; 18:30<\/p>\n<p>Mardi : 08:00 &#8211; 12:00,\u00a0 14:00 &#8211; 18:30<\/p>\n<p>Mercredi : 08:00 &#8211; 12:00,\u00a0 14:00 &#8211; 18:30<\/p>\n<p>Jeudi : 08:00 &#8211; 12:00,\u00a0 14:00 &#8211; 18:30<\/p>\n<p>Vendredi : 08:00 &#8211; 12:00,\u00a0 14:00 &#8211; 18:30<\/p>\n<p>Samedi : 09:00 &#8211; 12:00,\u00a0 14:00 &#8211; 18:00<\/p>\n<p>Ferm\u00e9 le dimanche et jours f\u00e9ries<\/p>\n","protected":false},"excerpt":{"rendered":"<p>Adresse 445 Avenue Marcel Pagnol 84110 Vaison-la-Romaine T\u00e9l\u00e9phone 04 90 28 81 76 Courriel couleursprovence84@gmail.com Nos r\u00e9seaux sociaux Facebook : https:\/\/facebook.com\/couleursprovencekalio Instagram : https:\/\/instagram.com\/couleursprovence Horaires Lundi : 08:00 &#8211; 12:00,\u00a0 14:00 &#8211; 18:30 Mardi : 08:00 &#8211; 12:00,\u00a0 14:00 &#8211; 18:30 Mercredi : 08:00 &#8211; 12:00,\u00a0 14:00 &#8211; 18:30 Jeudi : 08:00 &#8211; 12:00,\u00a0 14:00&hellip; <a class=\"more-link\" href=\"https:\/\/couleursprovence84.com\/index.php\/nous-contacter\/\">Poursuivre la lecture <span class=\"screen-reader-text\">Nous contacter<\/span><\/a><\/p>\n","protected":false},"author":1,"featured_media":0,"parent":0,"menu_order":0,"comment_status":"closed","ping_status":"closed","template":"","meta":{"_themeisle_gutenberg_block_has_review":false,"footnotes":""},"class_list":["post-107","page","type-page","status-publish","hentry","entry"],"featured_media_urls":[],"_links":{"self":[{"href":"https:\/\/couleursprovence84.com\/index.php\/wp-json\/wp\/v2\/pages\/107","targetHints":{"allow":["GET"]}}],"collection":[{"href":"https:\/\/couleursprovence84.com\/index.php\/wp-json\/wp\/v2\/pages"}],"about":[{"href":"https:\/\/couleursprovence84.com\/index.php\/wp-json\/wp\/v2\/types\/page"}],"author":[{"embeddable":true,"href":"https:\/\/couleursprovence84.com\/index.php\/wp-json\/wp\/v2\/users\/1"}],"replies":[{"embeddable":true,"href":"https:\/\/couleursprovence84.com\/index.php\/wp-json\/wp\/v2\/comments?post=107"}],"version-history":[{"count":13,"href":"https:\/\/couleursprovence84.com\/index.php\/wp-json\/wp\/v2\/pages\/107\/revisions"}],"predecessor-version":[{"id":484,"href":"https:\/\/couleursprovence84.com\/index.php\/wp-json\/wp\/v2\/pages\/107\/revisions\/484"}],"wp:attachment":[{"href":"https:\/\/couleursprovence84.com\/index.php\/wp-json\/wp\/v2\/media?parent=107"}],"curies":[{"name":"wp","href":"https:\/\/api.w.org\/{rel}","templated":true}]}}